mainder when 202093 is divided by 18370.
23
What is the remainder when 11576 is divided by 1924?
32
Calculate the remainder when 184653 is divided by 4.
1
Calculate the remainder when 3036 is divided by 1511.
14
What is the remainder when 33513 is divided by 21?
18
Calculate the remainder when 53124 is divided by 104.
84
Calculate the remainder when 12461 is divided by 6228.
5
Calculate the remainder when 6760 is divided by 33.
28
Calculate the remainder when 3996 is divided by 1086.
738
Calculate the remainder when 8054 is divided by 943.
510
Calculate the remainder when 218927 is divided by 27365.
7
What is the remainder when 733 is divided by 704?
29
What is the remainder when 5625 is divided by 1397?
37
Calculate the remainder when 88379 is divided by 804.
743
Calculate the remainder when 5133 is divided by 461.
62
Calculate the remainder when 2199 is divided by 1677.
522
What is the remainder when 703011 is divided by 30?
21
What is the remainder when 6439 is divided by 918?
13
What is the remainder when 3868 is divided by 3825?
43
What is the remainder when 25799 is divided by 150?
149
What is the remainder when 47059 is divided by 3129?
124
Calculate the remainder when 378412 is divided by 20.
12
What is the remainder when 14028 is divided by 9?
6
Calculate the remainder when 1259 is divided by 39.
11
Calculate the remainder when 1727846 is divided by 31.
30
What is the remainder when 13883 is divided by 6937?
9
What is the remainder when 7672 is divided by 1897?
84
Calculate the remainder when 99545 is divided by 110.
105
What is the remainder when 92599 is divided by 1932?
1795
Calculate the remainder when 141628 is divided by 7.
4
What is the remainder when 7804 is divided by 29?
3
Calculate the remainder when 3110 is divided by 633.
578
Calculate the remainder when 8887 is divided by 203.
158
Calculate the remainder when 3227 is divided by 30.
17
Calculate the remainder when 25783 is divided by 12889.
5
What is the remainder when 2136 is divided by 617?
285
Calculate the remainder when 7409 is divided by 30.
29
Calculate the remainder when 68025 is divided by 387.
300
Calculate the remainder when 12037 is divided by 11178.
859
Calculate the remainder when 21927 is divided by 1154.
1
What is the remainder when 17596 is divided by 2500?
96
Calculate the remainder when 80827 is divided by 421.
416
What is the remainder when 2613 is divided by 349?
170
Calculate the remainder when 15220 is divided by 91.
23
What is the remainder when 25039 is divided by 500?
39
What is the remainder when 632 is divided by 570?
62
What is the remainder when 300 is divided by 291?
9
Calculate the remainder when 23750 is divided by 849.
827
What is the remainder when 10880 is divided by 115?
70
What is the remainder when 6440 is divided by 14?
0
Calculate the remainder when 5896 is divided by 449.
59
What is the remainder when 43688 is divided by 8732?
28
What is the remainder when 72777 is divided by 1193?
4
Calculate the remainder when 1600 is divided by 686.
228
Calculate the remainder when 11883 is divided by 2.
1
What is the remainder when 117876 is divided by 101?
9
What is the remainder when 509 is divided by 127?
1
What is the remainder when 25559 is divided by 211?
28
What is the remainder when 14794 is divided by 7094?
606
Calculate the remainder when 73446 is divided by 82.
56
Calculate the remainder when 786854 is divided by 15.
14
What is the remainder when 2901 is divided by 56?
45
What is the remainder when 9085 is divided by 11?
10
What is the remainder when 20638 is divided by 2316?
2110
Calculate the remainder when 1111 is divided by 826.
285
What is the remainder when 46225 is divided by 30?
25
What is the remainder when 17022 is divided by 172?
166
What is the remainder when 6035 is divided by 6019?
16
What is the remainder when 1778 is divided by 354?
8
Calculate the remainder when 7534 is divided by 535.
44
Calculate the remainder when 2553 is divided by 32.
25
Calculate the remainder when 8792 is divided by 157.
0
What is the remainder when 1420 is divided by 133?
90
Calculate the remainder when 823 is divided by 341.
141
Calculate the remainder when 41805 is divided by 380.
5
Calculate the remainder when 9811 is divided by 107.
74
What is the remainder when 19962 is divided by 41?
36
What is the remainder when 53949 is divided by 210?
189
What is the remainder when 2962 is divided by 2185?
777
Calculate the remainder when 2283 is divided by 1609.
674
What is the remainder when 3501 is divided by 3449?
52
Calculate the remainder when 2857 is divided by 388.
141
What is the remainder when 446451 is divided by 956?
955
What is the remainder when 17766 is divided by 1268?
14
Calculate the remainder when 4347 is divided by 362.
3
What is the remainder when 11654 is divided by 162?
152
What is the remainder when 20972 is divided by 2330?
2
What is the remainder when 9993772 is divided by 74?
72
Calculate the remainder when 70773 is divided by 93.
0
Calculate the remainder when 314081 is divided by 104686.
23
What is the remainder when 53293 is divided by 15?
13
What is the remainder when 8116 is divided by 2770?
2576
Calculate the remainder when 257909 is divided by 25780.
109
What is the remainder when 1774 is divided by 151?
113
Calculate the remainder when 2582 is divided by 35.
27
What is the remainder when 16190 is divided by 3967?
322
Calculate the remainder when 64030 is divided by 48.
46
What is the remainder when 1512 is divided by 101?
98
Calculate the remainder when 46654 is divided by 9.
7
What is the remainder when 3040 is divided by 1010?
10
Calculate the remainder when 20166 is divided by 306.
276
Calculate the remainder when 6217 is divided by 429.
211
What is the remainder when 159729 is divided by 64?
49
Calculate the remainder when 2985 is divided by 166.
163
What is the remainder when 23441 is divided by 5849?
45
What is the remainder when 3654922 is divided by 52?
50
What is the remainder when 5458 is divided by 895?
88
Calculate the remainder when 19666 is divided by 6533.
67
What is the remainder when 63149 is divided by 12617?
64
Calculate the remainder when 48024 is divided by 499.
120
What is the remainder when 277962 is divided by 73?
51
What is the remainder when 174221 is divided by 115?
111
What is the remainder when 7253 is divided by 290?
3
Calculate the remainder when 1235 is divided by 32.
19
Calculate the remainder when 16578 is divided by 48.
18
What is the remainder when 441104 is divided by 174?
14
Calculate the remainder when 15109 is divided by 189.
178
Calculate the remainder when 1363 is divided by 148.
31
What is the remainder when 1890 is divided by 54?
0
What is the remainder when 13334 is divided by 78?
74
Calculate the remainder when 19686 is divided by 358.
354
Calculate the remainder when 577 is divided by 139.
21
Calculate the remainder when 111475 is divided by 91.
0
Calculate the remainder when 63547 is divided by 63528.
19
Calculate the remainder when 4728 is divided by 1139.
172
Calculate the remainder when 93783 is divided by 51.
45
What is the remainder when 77225 is divided by 82?
63
What is the remainder when 1692 is divided by 11?
9
What is the remainder when 2592 is divided by 140?
72
Calculate the remainder when 21751 is divided by 1796.
199
What is the remainder when 1201 is divided by 2?
1
Calculate the remainder when 104077 is divided by 13.
12
Calculate the remainder when 3027 is divided by 429.
24
Calculate the remainder when 13477515 is divided by 261.
258
Calculate the remainder when 110216 is divided by 27551.
12
Calculate the remainder when 12278 is divided by 4087.
17
What is the remainder when 4809 is divided by 489?
408
What is the remainder when 37881 is divided by 77?
74
Calculate the remainder when 1867 is divided by 462.
19
What is the remainder when 41064 is divided by 7?
2
What is the remainder when 8858 is divided by 64?
26
Calculate the remainder when 143923 is divided by 285.
283
What is the remainder when 5581 is divided by 19?
14
What is the remainder when 155055 is divided by 77524?
7
Calculate the remainder when 75217 is divided by 21.
16
What is the remainder when 26409 is divided by 54?
3
Calculate the remainder when 467627 is divided by 89.
21
Ca